{"id":6710,"date":"2020-01-02T09:28:08","date_gmt":"2020-01-02T09:28:08","guid":{"rendered":"https:\/\/tmidonumdei.com\/?page_id=6710"},"modified":"2022-08-29T22:42:27","modified_gmt":"2022-08-29T14:42:27","slug":"contate-nos","status":"publish","type":"page","link":"https:\/\/tmidonumdei.com\/?page_id=6710&lang=pt","title":{"rendered":"contate-nos"},"content":{"rendered":"\t\t<div data-elementor-type=\"wp-page\" data-elementor-id=\"6710\" class=\"elementor elementor-6710\">\n\t\t\t\t\t\t\t\t\t<section class=\"elementor-section elementor-top-section elementor-element elementor-element-8961d2c elementor-section-height-min-height ot-traditional elementor-section-boxed elementor-section-height-default elementor-section-items-middle wpr-particle-no wpr-jarallax-no wpr-parallax-no wpr-sticky-section-no\" data-id=\"8961d2c\" data-element_type=\"section\" data-settings=\"{&quot;background_background&quot;:&quot;classic&quot;,&quot;_ha_eqh_enable&quot;:false}\">\n\t\t\t\t\t\t\t<div class=\"elementor-background-overlay\"><\/div>\n\t\t\t\t\t\t\t<div class=\"elementor-container elementor-column-gap-default\">\n\t\t\t\t\t<div class=\"elementor-column elementor-col-100 elementor-top-column elementor-element elementor-element-6210d70 ot-flex-column-vertical\" data-id=\"6210d70\" data-element_type=\"column\">\n\t\t\t<div class=\"elementor-widget-wrap elementor-element-populated\">\n\t\t\t\t\t\t\t\t<div class=\"elementor-element elementor-element-05ca1c7 elementor-invisible elementor-widget elementor-widget-heading\" data-id=\"05ca1c7\" data-element_type=\"widget\" data-settings=\"{&quot;_animation&quot;:&quot;fadeInDown&quot;}\" data-widget_type=\"heading.default\">\n\t\t\t\t<div class=\"elementor-widget-container\">\n\t\t\t<style>\/*! elementor - v3.18.0 - 20-12-2023 *\/\n.elementor-heading-title{padding:0;margin:0;line-height:1}.elementor-widget-heading .elementor-heading-title[class*=elementor-size-]>a{color:inherit;font-size:inherit;line-height:inherit}.elementor-widget-heading .elementor-heading-title.elementor-size-small{font-size:15px}.elementor-widget-heading .elementor-heading-title.elementor-size-medium{font-size:19px}.elementor-widget-heading .elementor-heading-title.elementor-size-large{font-size:29px}.elementor-widget-heading .elementor-heading-title.elementor-size-xl{font-size:39px}.elementor-widget-heading .elementor-heading-title.elementor-size-xxl{font-size:59px}<\/style><h2 class=\"elementor-heading-title elementor-size-default\">Contate-nos<\/h2>\t\t<\/div>\n\t\t\t\t<\/div>\n\t\t\t\t\t<\/div>\n\t\t<\/div>\n\t\t\t\t\t\t\t<\/div>\n\t\t<\/section>\n\t\t\t\t<section class=\"elementor-section elementor-top-section elementor-element elementor-element-8c1b6b2 elementor-section-content-middle ot-traditional elementor-section-boxed elementor-section-height-default elementor-section-height-default wpr-particle-no wpr-jarallax-no wpr-parallax-no wpr-sticky-section-no\" data-id=\"8c1b6b2\" data-element_type=\"section\" data-settings=\"{&quot;_ha_eqh_enable&quot;:false}\">\n\t\t\t\t\t\t<div class=\"elementor-container elementor-column-gap-extended\">\n\t\t\t\t\t<div class=\"elementor-column elementor-col-100 elementor-top-column elementor-element elementor-element-8416bc3 ot-flex-column-vertical\" data-id=\"8416bc3\" data-element_type=\"column\">\n\t\t\t<div class=\"elementor-widget-wrap elementor-element-populated\">\n\t\t\t\t\t\t\t\t<div class=\"elementor-element elementor-element-36a480e elementor-tabs-alignment-center elementor-tabs-view-horizontal elementor-widget elementor-widget-tabs\" data-id=\"36a480e\" data-element_type=\"widget\" data-widget_type=\"tabs.default\">\n\t\t\t\t<div class=\"elementor-widget-container\">\n\t\t\t<style>\/*! elementor - v3.18.0 - 20-12-2023 *\/\n.elementor-widget-tabs.elementor-tabs-view-vertical .elementor-tabs-wrapper{width:25%;flex-shrink:0}.elementor-widget-tabs.elementor-tabs-view-vertical .elementor-tab-desktop-title.elementor-active{border-right-style:none}.elementor-widget-tabs.elementor-tabs-view-vertical .elementor-tab-desktop-title.elementor-active:after,.elementor-widget-tabs.elementor-tabs-view-vertical .elementor-tab-desktop-title.elementor-active:before{height:999em;width:0;right:0;border-right-style:solid}.elementor-widget-tabs.elementor-tabs-view-vertical .elementor-tab-desktop-title.elementor-active:before{top:0;transform:translateY(-100%)}.elementor-widget-tabs.elementor-tabs-view-vertical .elementor-tab-desktop-title.elementor-active:after{top:100%}.elementor-widget-tabs.elementor-tabs-view-horizontal .elementor-tab-desktop-title{display:table-cell}.elementor-widget-tabs.elementor-tabs-view-horizontal .elementor-tab-desktop-title.elementor-active{border-bottom-style:none}.elementor-widget-tabs.elementor-tabs-view-horizontal .elementor-tab-desktop-title.elementor-active:after,.elementor-widget-tabs.elementor-tabs-view-horizontal .elementor-tab-desktop-title.elementor-active:before{bottom:0;height:0;width:999em;border-bottom-style:solid}.elementor-widget-tabs.elementor-tabs-view-horizontal .elementor-tab-desktop-title.elementor-active:before{right:100%}.elementor-widget-tabs.elementor-tabs-view-horizontal .elementor-tab-desktop-title.elementor-active:after{left:100%}.elementor-widget-tabs .elementor-tab-content,.elementor-widget-tabs .elementor-tab-title,.elementor-widget-tabs .elementor-tab-title:after,.elementor-widget-tabs .elementor-tab-title:before,.elementor-widget-tabs .elementor-tabs-content-wrapper{border:1px #d5d8dc}.elementor-widget-tabs .elementor-tabs{text-align:left}.elementor-widget-tabs .elementor-tabs-wrapper{overflow:hidden}.elementor-widget-tabs .elementor-tab-title{cursor:pointer;outline:var(--focus-outline,none)}.elementor-widget-tabs .elementor-tab-desktop-title{position:relative;padding:20px 25px;font-weight:700;line-height:1;border:solid transparent}.elementor-widget-tabs .elementor-tab-desktop-title.elementor-active{border-color:#d5d8dc}.elementor-widget-tabs .elementor-tab-desktop-title.elementor-active:after,.elementor-widget-tabs .elementor-tab-desktop-title.elementor-active:before{display:block;content:\"\";position:absolute}.elementor-widget-tabs .elementor-tab-desktop-title:focus-visible{border:1px solid #000}.elementor-widget-tabs .elementor-tab-mobile-title{padding:10px;cursor:pointer}.elementor-widget-tabs .elementor-tab-content{padding:20px;display:none}@media (max-width:767px){.elementor-tabs .elementor-tab-content,.elementor-tabs .elementor-tab-title{border-style:solid solid none}.elementor-tabs .elementor-tabs-wrapper{display:none}.elementor-tabs .elementor-tabs-content-wrapper{border-bottom-style:solid}.elementor-tabs .elementor-tab-content{padding:10px}}@media (min-width:768px){.elementor-widget-tabs.elementor-tabs-view-vertical .elementor-tabs{display:flex}.elementor-widget-tabs.elementor-tabs-view-vertical .elementor-tabs-wrapper{flex-direction:column}.elementor-widget-tabs.elementor-tabs-view-vertical .elementor-tabs-content-wrapper{flex-grow:1;border-style:solid solid solid none}.elementor-widget-tabs.elementor-tabs-view-horizontal .elementor-tab-content{border-style:none solid solid}.elementor-widget-tabs.elementor-tabs-alignment-center .elementor-tabs-wrapper,.elementor-widget-tabs.elementor-tabs-alignment-end .elementor-tabs-wrapper,.elementor-widget-tabs.elementor-tabs-alignment-stretch .elementor-tabs-wrapper{display:flex}.elementor-widget-tabs.elementor-tabs-alignment-center .elementor-tabs-wrapper{justify-content:center}.elementor-widget-tabs.elementor-tabs-alignment-end .elementor-tabs-wrapper{justify-content:flex-end}.elementor-widget-tabs.elementor-tabs-alignment-stretch.elementor-tabs-view-horizontal .elementor-tab-title{width:100%}.elementor-widget-tabs.elementor-tabs-alignment-stretch.elementor-tabs-view-vertical .elementor-tab-title{height:100%}.elementor-tabs .elementor-tab-mobile-title{display:none}}<\/style>\t\t<div class=\"elementor-tabs\">\n\t\t\t<div class=\"elementor-tabs-wrapper\" role=\"tablist\" >\n\t\t\t\t\t\t\t\t\t<div id=\"elementor-tab-title-5721\" class=\"elementor-tab-title elementor-tab-desktop-title\" aria-selected=\"true\" data-tab=\"1\" role=\"tab\" tabindex=\"0\" aria-controls=\"elementor-tab-content-5721\" aria-expanded=\"false\">EUROPE<\/div>\n\t\t\t\t\t\t\t\t\t<div id=\"elementor-tab-title-5722\" class=\"elementor-tab-title elementor-tab-desktop-title\" aria-selected=\"false\" data-tab=\"2\" role=\"tab\" tabindex=\"-1\" aria-controls=\"elementor-tab-content-5722\" aria-expanded=\"false\">AFRIQUE<\/div>\n\t\t\t\t\t\t\t\t\t<div id=\"elementor-tab-title-5723\" class=\"elementor-tab-title elementor-tab-desktop-title\" aria-selected=\"false\" data-tab=\"3\" role=\"tab\" tabindex=\"-1\" aria-controls=\"elementor-tab-content-5723\" aria-expanded=\"false\">ASIE<\/div>\n\t\t\t\t\t\t\t\t\t<div id=\"elementor-tab-title-5724\" class=\"elementor-tab-title elementor-tab-desktop-title\" aria-selected=\"false\" data-tab=\"4\" role=\"tab\" tabindex=\"-1\" aria-controls=\"elementor-tab-content-5724\" aria-expanded=\"false\">AM\u00c9RIQUE <\/div>\n\t\t\t\t\t\t\t\t\t<div id=\"elementor-tab-title-5725\" class=\"elementor-tab-title elementor-tab-desktop-title\" aria-selected=\"false\" data-tab=\"5\" role=\"tab\" tabindex=\"-1\" aria-controls=\"elementor-tab-content-5725\" aria-expanded=\"false\">OC\u00c9ANIE<\/div>\n\t\t\t\t\t\t\t<\/div>\n\t\t\t<div class=\"elementor-tabs-content-wrapper\" role=\"tablist\" aria-orientation=\"vertical\">\n\t\t\t\t\t\t\t\t\t<div class=\"elementor-tab-title elementor-tab-mobile-title\" aria-selected=\"true\" data-tab=\"1\" role=\"tab\" tabindex=\"0\" aria-controls=\"elementor-tab-content-5721\" aria-expanded=\"false\">EUROPE<\/div>\n\t\t\t\t\t<div id=\"elementor-tab-content-5721\" class=\"elementor-tab-content elementor-clearfix\" data-tab=\"1\" role=\"tabpanel\" aria-labelledby=\"elementor-tab-title-5721\" tabindex=\"0\" hidden=\"false\"><h5>LA FRANCE<\/h5>\n<div>\n<div style=\"padding-left: 40px;\"><b>ARS SUR FORMANS<\/b><\/div>\n<div style=\"padding-left: 80px;\"><strong>Centre spirituel \u00ab La Providence \u00bb<\/strong><br>321, Rue des Ecoles<br>01480 Ars-sur-Formans<br>Tel : 0033.04.74007165<\/div>\n<div style=\"padding-left: 40px;\"><strong>BAYARD \/ MARNE<\/strong><\/div>\n<div style=\"padding-left: 80px;\">9 Avenue des g\u00e9n\u00e9raux Pierre et Jean Marchand<br>52170 Bayard-sur-Marne<br>Tel. 0033.03.25555381<\/div>\n<div style=\"padding-left: 40px;\"><strong>CHAUX-LES-PASSAVANT<\/strong><\/div>\n<div style=\"padding-left: 80px;\"><strong>Studium \u00ab La Gr\u00e2ce-Dieu \u00bb<\/strong><br>25530 Chaux-les-Passavant<br>Tel. 0033.03.81604445<\/div>\n<div style=\"padding-left: 40px;\"><strong>LES FINS<\/strong><\/div>\n<div style=\"padding-left: 80px;\"><strong>\u00ab Les Suchaux \u00bb<\/strong><br>12, Rue des fontaines<br>25500 Les Fins<br>Tel : 0033.03.81670178<\/div>\n<div style=\"padding-left: 40px;\"><strong>MARSEILLE<\/strong><\/div>\n<div style=\"padding-left: 80px;\"><strong>L\u2019Eau Vive de Notre-Dame de la Garde<\/strong><br>Rue Fort du Sanctuaire<br>13006 Marseille<br>Tel. 0033.04.91378662<\/div>\n<div style=\"padding-left: 40px;\"><strong>MENTON<\/strong><\/div>\n<div style=\"padding-left: 80px;\"><strong>\u00ab Le Home \u00bb<\/strong><br>6, Rue du Louvre<br>06500 Menton<br>Tel. 0033.04.93357551<\/div>\n<div style=\"padding-left: 40px;\"><strong>PARIS<\/strong><\/div>\n<div style=\"padding-left: 80px;\">33, Boulevard de Magenta<br>75010 Paris<br>Tel. 0033.01.42066498<\/div>\n<div style=\"padding-left: 40px;\"><strong><br>TOULON<\/strong><\/div>\n<div style=\"padding-left: 80px;\">6, rue Emile Zola<br>83000 Toulon<\/div>\n<\/div>\n<div>&nbsp;<\/div>\n<h5>L&#8217;ITALIE<\/h5>\n<div style=\"padding-left: 40px;\"><strong>ROME<\/strong><\/div>\n<div style=\"padding-left: 80px;\">L\u2019Eau Vive<br>85, Via Monterone<br>00186 Rome<br>0039.06.68801095<br><a href=\"http:\/\/HTTPS:\/\/WWW.RESTAURANT-EAUVIVE.IT\" data-wplink-url-error=\"true\">HTTPS:\/\/WWW.RESTAURANT-EAUVIVE.IT<\/a><\/div>\n<div>&nbsp;<\/div>\n<div style=\"padding-left: 40px;\"><b>Secr\u00e9tariat international<\/b><br><\/div>\n<div style=\"padding-left: 80px;\">38, via dell\u2019Esquilino<br>00185 Rome<br>Tel. 0039.06.485278<\/div>\n<div>&nbsp;<\/div>\n<h5>LA R\u00c9PUBLIQUE TCH\u00c8QUE<\/h5>\n<div>&nbsp;<\/div>\n<div style=\"padding-left: 40px;\"><strong>BRNO<\/strong><\/div>\n<div style=\"padding-left: 80px;\"><strong>Petrov 2<\/strong><br>60200 Brno<br>Tel. 0042.05.43235164<br><a href=\"http:\/\/HTTPS:\/\/WWW.LEAUVIVE.CZ\/\" data-wplink-url-error=\"true\">HTTPS:\/\/WWW.LEAUVIVE.CZ\/<\/a><\/div><\/div>\n\t\t\t\t\t\t\t\t\t<div class=\"elementor-tab-title elementor-tab-mobile-title\" aria-selected=\"false\" data-tab=\"2\" role=\"tab\" tabindex=\"-1\" aria-controls=\"elementor-tab-content-5722\" aria-expanded=\"false\">AFRIQUE<\/div>\n\t\t\t\t\t<div id=\"elementor-tab-content-5722\" class=\"elementor-tab-content elementor-clearfix\" data-tab=\"2\" role=\"tabpanel\" aria-labelledby=\"elementor-tab-title-5722\" tabindex=\"0\" hidden=\"hidden\"><h5>LE BURKINA FASO<\/h5><div class=\"mission\"><div class=\"ville\" style=\"padding-left: 40px;\"><strong>BOBODIOULASSO<\/strong><\/div><div class=\"adresse\" style=\"padding-left: 80px;\"><strong>L\u2019Eau Vive<\/strong><br \/>01 B.P. 650<br \/>Rue Delafosse<br \/>Bobodioulasso 01<br \/>Tel. 00226.2097208626 \/ 70614423<br \/><br \/><\/div><div class=\"ville\" style=\"padding-left: 40px;\"><strong>LOUMBILA<\/strong><\/div><div class=\"adresse\" style=\"padding-left: 80px;\"><strong>Orphelinat Sainte Th\u00e9r\u00e8se<\/strong><br \/>01 B.P. 1631<br \/>Loumbila<br \/><a class=\"minus\" href=\"https:\/\/orphelinat-saintetherese.org\/\" target=\"_blank\" rel=\"noopener\"><big>HTTPS:\/\/ORPHELINAT-SAINTETHERESE.ORG<\/big><\/a><\/div><div class=\"ville\" style=\"padding-left: 40px;\"><br \/><strong>OUAGADOUGOU<\/strong><\/div><div class=\"adresse\" style=\"padding-left: 80px;\"><strong>L\u2019Eau Vive<\/strong><br \/>01 B.P.- 117<br \/>Rue Du Nasser, Koulouba, Ouagadougou 01<br \/>Tel. 00226.25306303 \/ 70 75 22 05<br \/><a class=\"minus\" href=\"http:\/\/www.restaurantleauvive.com\/\" target=\"_blank\" rel=\"noopener\"><big>HTTP:\/\/WWW.RESTAURANTLEAUVIVE.COM\/<\/big><\/a><\/div><div>\u00a0<\/div><div class=\"ville\" style=\"padding-left: 40px;\"><strong>SAABA \u2013 KADIOGO<\/strong><strong><br \/><br \/>Maison de formation \u00ab Saint Michel \u00bb des futures TM de l\u2019Immacul\u00e9e<br \/><br \/><\/strong><strong>Foyer d\u2019accueil des Etudiantes Universitaires<\/strong><\/div><div>\u00a0<\/div><div class=\"ville\" style=\"padding-left: 40px;\"><strong>TANGHIN<\/strong><\/div><div class=\"adresse\" style=\"padding-left: 80px;\"><strong>Centre spirituel Jean-Paul II<\/strong><br \/>Tanghin (Ouagadougou)<br \/>Tel. 00226 71 37 86 04<\/div><\/div><div><h5><br \/>LE CAMEROUN<\/h5><div class=\"mission\"><div class=\"ville\" style=\"padding-left: 40px;\"><strong>YAOUNDE<br \/><br \/><\/strong><\/div><\/div><div><h5>LE KENYA<\/h5><div class=\"mission\"><div class=\"ville\" style=\"padding-left: 40px;\"><strong>NAIROBI<\/strong><\/div><div class=\"adresse\" style=\"padding-left: 80px;\"><strong>Roussel House<\/strong><br \/>P.O. Box 24215<br \/>Karen \u2013 00502 Nairobi<br \/>Tel. 00254.739309593<br \/><a class=\"minus\" href=\"http:\/\/rousselhouse.com\/\" target=\"_blank\" rel=\"noopener\">HTTP:\/\/ROUSSELHOUSE.COM<\/a><\/div><\/div><div><h5><br \/>LA REPUBLIQUE DEMOCRATIQUE DU CONGO<\/h5><div class=\"mission\" style=\"padding-left: 40px;\">Interrompue en avril 1997, la mission des TM de l\u2019Immacul\u00e9e se poursuit gr\u00e2ce \u00e0 la pers\u00e9v\u00e9rance et au courage des associ\u00e9s Donum Dei (Fraternit\u00e9 Donum Dei), soutenus notamment par les Carmes de Kinshasa.<\/div><\/div><\/div><\/div><\/div>\n\t\t\t\t\t\t\t\t\t<div class=\"elementor-tab-title elementor-tab-mobile-title\" aria-selected=\"false\" data-tab=\"3\" role=\"tab\" tabindex=\"-1\" aria-controls=\"elementor-tab-content-5723\" aria-expanded=\"false\">ASIE<\/div>\n\t\t\t\t\t<div id=\"elementor-tab-content-5723\" class=\"elementor-tab-content elementor-clearfix\" data-tab=\"3\" role=\"tabpanel\" aria-labelledby=\"elementor-tab-title-5723\" tabindex=\"0\" hidden=\"hidden\"><h5>L&#8217;INDE<\/h5><div class=\"mission\"><div class=\"ville\" style=\"padding-left: 40px;\"><strong>PONDICHERRY<\/strong><\/div><div class=\"adresse\" style=\"padding-left: 80px;\"><strong>Om Shanti Malta<\/strong><br \/>20 Lazar Koil Street<br \/>Dubrayapet \u2013 605001 Pondicherry<br \/>Tel. 00914.132224532<br \/><a class=\"minus\" href=\"https:\/\/www.facebook.com\/pages\/category\/Nonprofit-Organization\/OM-Shanti-Pondicherry\" target=\"_blank\" rel=\"noopener\">HTTPS:\/\/WWW.FACEBOOK.COM\/PAGES\/CATEGORY\/NONPROFIT-ORGANIZATION\/OM-SHANTI-PONDICHERRY<\/a><\/div><\/div><h5>LES PHILIPPINES<\/h5><div class=\"mission\"><div class=\"ville\" style=\"padding-left: 40px;\"><strong>MANILLE<\/strong><\/div><div class=\"adresse\" style=\"padding-left: 80px;\"><strong>Eau Vive in Asia<\/strong><br \/>1499 Pas Mendoza Guazon Avenue<br \/>Otis Paco 1007 Manila<br \/>Tel. 00632.85638559\/ +63 9175403423<br \/><a href=\"https:\/\/www.facebook.com\/mw.immaculate.3\">https:\/\/www.facebook.com\/mw.immaculate.3<\/a><\/div><\/div><div class=\"mission\"><div class=\"ville\" style=\"padding-left: 40px;\"><strong>ORMOC<\/strong><\/div><div class=\"adresse\" style=\"padding-left: 80px;\">P.O. Box. 146<br \/>Ormoc City 6541<\/div><\/div><h5>LE VIETNAM<\/h5><div class=\"mission\"><div class=\"ville\" style=\"padding-left: 40px;\"><strong>HO CHI MIN<\/strong><\/div><div class=\"ville\" style=\"padding-left: 40px;\"><strong>VINH<\/strong><\/div><\/div><\/div>\n\t\t\t\t\t\t\t\t\t<div class=\"elementor-tab-title elementor-tab-mobile-title\" aria-selected=\"false\" data-tab=\"4\" role=\"tab\" tabindex=\"-1\" aria-controls=\"elementor-tab-content-5724\" aria-expanded=\"false\">AM\u00c9RIQUE <\/div>\n\t\t\t\t\t<div id=\"elementor-tab-content-5724\" class=\"elementor-tab-content elementor-clearfix\" data-tab=\"4\" role=\"tabpanel\" aria-labelledby=\"elementor-tab-title-5724\" tabindex=\"0\" hidden=\"hidden\"><h5>L\u2019ARGENTINE<\/h5><div class=\"mission\"><div class=\"ville\" style=\"padding-left: 40px;\"><strong>LUJAN<\/strong><\/div><div class=\"adresse\" style=\"padding-left: 80px;\"><strong>L\u2019Eau Vive<\/strong><br \/>Constituci\u00f3n 2112<br \/>6700 Luj\u00e1n Bs As<br \/>Tel. 0054.2323.421774<br \/><a class=\"minus\" href=\"http:\/\/www.leauvivedeargentina.com\/\" target=\"_blank\" rel=\"noopener\">HTTP:\/\/WWW.LEAUVIVEDEARGENTINA.COM<\/a><\/div><\/div><h5><br \/>LE BRESIL<\/h5><div class=\"mission\"><div class=\"ville\" style=\"padding-left: 40px;\"><strong>RIO DE JANEIRO<\/strong><\/div><div class=\"adresse\" style=\"padding-left: 80px;\">Avenida de Nossa Senhora de Copacabana, 540<br \/>Loja A &#8211; Caixa Postal 5001<br \/>22020 \u2013 970 Rio de Janeiro<br \/>Tel. 0055 21 2267 &#8211; 0148<\/div><\/div><h5><br \/>LA BOLIVIE<\/h5><div class=\"ville\" style=\"padding-left: 40px;\"><strong>SANTA CRUZ<\/strong><\/div><div style=\"padding-left: 80px;\"><p>En 2015, les TM de l\u2019Immacul\u00e9e acceptent de participer \u00e0 la mission d\u2019\u00e9vang\u00e9lisation de la communaut\u00e9 sal\u00e9sienne, tourn\u00e9e sp\u00e9cialement vers le suivi des familles n\u00e9cessiteuses de la r\u00e9gion de Yacapani.<\/p><\/div><h5>LE MEXIQUE<\/h5><div class=\"mission\"><div class=\"ville\" style=\"padding-left: 40px;\"><strong>TEPATITLAN<\/strong><\/div><div class=\"adresse\" style=\"padding-left: 80px;\">Guadalupe,<br \/>Victoria n.451 \u2013 A.<br \/>47600 Tepatitlan de Morelos, Jalisco<br \/>Tel: 0052 378 7823971<\/div><\/div><h5><br \/>LE PEROU<\/h5><div class=\"mission\"><div class=\"ville\" style=\"padding-left: 40px;\"><strong>LIMA<\/strong><\/div><div class=\"adresse\" style=\"padding-left: 80px;\"><strong>L\u2019Eau Vive<\/strong><br \/>370 Jir\u00f3n Ucayali<br \/>6700 Luj\u00e1n (Bs As)<br \/>Tel: +0051. 4275612<br \/>Cel: +0051. 950274194<br \/><a class=\"minus\" href=\"https:\/\/leauvivedeperu.webnode.es\/\" target=\"_blank\" rel=\"noopener\">HTTPS:\/\/LEAUVIVEDEPERU.WEBNODE.ES\/<\/a><\/div><\/div><\/div>\n\t\t\t\t\t\t\t\t\t<div class=\"elementor-tab-title elementor-tab-mobile-title\" aria-selected=\"false\" data-tab=\"5\" role=\"tab\" tabindex=\"-1\" aria-controls=\"elementor-tab-content-5725\" aria-expanded=\"false\">OC\u00c9ANIE<\/div>\n\t\t\t\t\t<div id=\"elementor-tab-content-5725\" class=\"elementor-tab-content elementor-clearfix\" data-tab=\"5\" role=\"tabpanel\" aria-labelledby=\"elementor-tab-title-5725\" tabindex=\"0\" hidden=\"hidden\"><h5>LA NOUVELLE CALEDONIE<\/h5><div class=\"mission\"><div class=\"ville\" style=\"padding-left: 40px;\"><strong>NOUMEA<\/strong><\/div><div class=\"adresse\" style=\"padding-left: 80px;\"><strong>L\u2019Eau Vive<\/strong><br \/>112 Route du Port Despointes<br \/>98800 Noum\u00e9a<br \/>Tel : 00687 286123<br \/><a class=\"minus\" href=\"http:\/\/leauvive-nc.com\/\" target=\"_blank\" rel=\"noopener\">HTTP:\/\/LEAUVIVE-NC.COM\/<\/a><\/div><\/div><h5><br \/>LE VANUATU<\/h5><div class=\"mission\"><div class=\"ville\" style=\"padding-left: 40px;\"><strong>PORT VILA<\/strong><\/div><div class=\"adresse\" style=\"padding-left: 80px;\">En 2015, sur la demande de l\u2019Ev\u00eaque du Dioc\u00e8se, deux TM de l\u2019Immacul\u00e9e commencent \u00e0 Port-Vila, une fondation. Elles s\u2019engagent dans la cat\u00e9ch\u00e8se et visitent r\u00e9guli\u00e8rement des familles ou personnes \u00e2g\u00e9es.<\/div><\/div><h5><br \/>WALLIS ET FUTUNA<\/h5><div class=\"mission\"><div class=\"ville\" style=\"padding-left: 40px;\"><strong>FINETOMAI<\/strong><\/div><div class=\"adresse\" style=\"padding-left: 80px;\">Les TM de l\u2019Immacul\u00e9e sont particuli\u00e8rement charg\u00e9es de l\u2019enseignement religieux dans les coll\u00e8ges et lyc\u00e9es.<br \/>B.P. 88 Hahake \u2013 Finetomai<br \/>98600 Iles Wallis et Futuna<\/div><\/div><h5><br \/>ILES DE LA POLYNESIE<\/h5><div class=\"mission\"><div class=\"ville\" style=\"padding-left: 40px;\"><strong>TAHITI<\/strong><\/div><div class=\"adresse\" style=\"padding-left: 80px;\"><strong>La Fraternit\u00e9 de la Polyn\u00e9sie Fran\u00e7aise<\/strong><br \/>Le 14 mars 2006, au cours d\u2019une mission d\u2019\u00e9vang\u00e9lisation, le groupe des Disciples de Ste Th\u00e9r\u00e8se d\u2019Uturoa est \u00e9rig\u00e9e en Fraternit\u00e9 Donum Dei.<\/div><\/div><\/div>\n\t\t\t\t\t\t\t<\/div>\n\t\t<\/div>\n\t\t\t\t<\/div>\n\t\t\t\t<\/div>\n\t\t\t\t\t<\/div>\n\t\t<\/div>\n\t\t\t\t\t\t\t<\/div>\n\t\t<\/section>\n\t\t\t\t\t\t\t<\/div>\n\t\t","protected":false},"excerpt":{"rendered":"<p>Contate-nos EUROPE AFRIQUE ASIE AM\u00c9RIQUE OC\u00c9ANIE EUROPE LA FRANCE ARS SUR FORMANS Centre spirituel \u00ab La Providence \u00bb321, Rue des Ecoles01480 Ars-sur-FormansTel : 0033.04.74007165 BAYARD \/ MARNE 9 Avenue des g\u00e9n\u00e9raux Pierre et Jean Marchand52170 Bayard-sur-MarneTel. 0033.03.25555381 CHAUX-LES-PASSAVANT Studium \u00ab La Gr\u00e2ce-Dieu \u00bb25530 Chaux-les-PassavantTel. 0033.03.81604445 LES FINS \u00ab Les Suchaux \u00bb12, Rue des fontaines25500 Les [&hellip;]<\/p>\n","protected":false},"author":1,"featured_media":0,"parent":0,"menu_order":0,"comment_status":"closed","ping_status":"closed","template":"","meta":{"footnotes":""},"class_list":["post-6710","page","type-page","status-publish","hentry"],"rttpg_featured_image_url":null,"rttpg_author":{"display_name":"marvin","author_link":"https:\/\/tmidonumdei.com\/?author=1"},"rttpg_comment":0,"rttpg_category":" <a href=\"https:\/\/tmidonumdei.com\/?lang=pt\" rel=\"tag\">Portugu\u00eas<\/a>","rttpg_excerpt":"Contate-nos EUROPE AFRIQUE ASIE AM\u00c9RIQUE OC\u00c9ANIE EUROPE LA FRANCE ARS SUR FORMANS Centre spirituel \u00ab La Providence \u00bb321, Rue des Ecoles01480 Ars-sur-FormansTel : 0033.04.74007165 BAYARD \/ MARNE 9 Avenue des g\u00e9n\u00e9raux Pierre et Jean Marchand52170 Bayard-sur-MarneTel. 0033.03.25555381 CHAUX-LES-PASSAVANT Studium \u00ab La Gr\u00e2ce-Dieu \u00bb25530 Chaux-les-PassavantTel. 0033.03.81604445 LES FINS \u00ab Les Suchaux \u00bb12, Rue des fontaines25500 Les&hellip;","_links":{"self":[{"href":"https:\/\/tmidonumdei.com\/index.php?rest_route=\/wp\/v2\/pages\/6710","targetHints":{"allow":["GET"]}}],"collection":[{"href":"https:\/\/tmidonumdei.com\/index.php?rest_route=\/wp\/v2\/pages"}],"about":[{"href":"https:\/\/tmidonumdei.com\/index.php?rest_route=\/wp\/v2\/types\/page"}],"author":[{"embeddable":true,"href":"https:\/\/tmidonumdei.com\/index.php?rest_route=\/wp\/v2\/users\/1"}],"replies":[{"embeddable":true,"href":"https:\/\/tmidonumdei.com\/index.php?rest_route=%2Fwp%2Fv2%2Fcomments&post=6710"}],"version-history":[{"count":4,"href":"https:\/\/tmidonumdei.com\/index.php?rest_route=\/wp\/v2\/pages\/6710\/revisions"}],"predecessor-version":[{"id":6773,"href":"https:\/\/tmidonumdei.com\/index.php?rest_route=\/wp\/v2\/pages\/6710\/revisions\/6773"}],"wp:attachment":[{"href":"https:\/\/tmidonumdei.com\/index.php?rest_route=%2Fwp%2Fv2%2Fmedia&parent=6710"}],"curies":[{"name":"wp","href":"https:\/\/api.w.org\/{rel}","templated":true}]}}